{"id":428,"date":"2024-10-27T15:21:45","date_gmt":"2024-10-27T15:21:45","guid":{"rendered":"https:\/\/meritus.rs\/?page_id=428"},"modified":"2025-06-05T18:33:13","modified_gmt":"2025-06-05T18:33:13","slug":"zoran-djordjevic","status":"publish","type":"page","link":"https:\/\/meritus.rs\/sr\/team\/zoran-djordjevic\/","title":{"rendered":""},"content":{"rendered":"<p><\/p>\n\n\n\n<div class=\"wp-block-media-text alignwide is-stacked-on-mobile has-contrast-color has-text-color has-link-color has-poppins-font-family has-x-small-font-size wp-elements-74936d4b2ba986b71c2efff156c4c005\"><figure class=\"wp-block-media-text__media\"><img loading=\"lazy\" decoding=\"async\" width=\"800\" height=\"800\" src=\"https:\/\/meritus.rs\/wp-content\/uploads\/2025\/06\/111-2.jpg\" alt=\"\" class=\"wp-image-1719 size-full\" srcset=\"https:\/\/meritus.rs\/wp-content\/uploads\/2025\/06\/111-2.jpg 800w, https:\/\/meritus.rs\/wp-content\/uploads\/2025\/06\/111-2-300x300.jpg 300w, https:\/\/meritus.rs\/wp-content\/uploads\/2025\/06\/111-2-150x150.jpg 150w, https:\/\/meritus.rs\/wp-content\/uploads\/2025\/06\/111-2-768x768.jpg 768w, https:\/\/meritus.rs\/wp-content\/uploads\/2025\/06\/111-2-12x12.jpg 12w\" sizes=\"auto, (max-width: 800px) 100vw, 800px\" \/><\/figure><div class=\"wp-block-media-text__content\">\n<p><strong>Zoran \u0110or\u0111evi\u0107<\/strong>, ro\u0111en 1950. godine, osniva\u010d je i vlasnik firme Meritus, renomirane arhitektonske firme sa dugom tradicijom. Po zavr\u0161etku studija arhitekture, Zoran je stekao bogato profesionalno iskustvo u razli\u010ditim segmentima arhitekture i urbanizma, a njegov rad obuhvata projekte u zemlji i inostranstvu.<\/p>\n\n\n\n<p class=\"has-contrast-color has-text-color has-link-color has-x-small-font-size wp-elements-aeb25b59929aeaec113e90b51cf3b516\">Pre nego \u0161to je 1993. godine osnovao firmu Meritus, Zoran je proveo gotovo dve decenije (1977\u20131992) kao vode\u0107i arhitekta u firmi Energoprojekt, gde je bio odgovoran za brojne velike projekte, a jedan od najistaknutijih je hotel Grand na Kopaoniku. Tokom svojih prvih profesionalnih godina, stekao je dragoceno iskustvo rade\u0107i na projektima u Rusiji, Al\u017eiru i Maleziji, gde je formirao svoj pristup projektovanju, oslanjaju\u0107i se na internacionalnu saradnju i u\u010denje.<\/p>\n\n\n\n<p class=\"has-contrast-color has-text-color has-link-color has-x-small-font-size wp-elements-d694092ec127d4ebb2e998369a85a77c\">Kao osniva\u010d firme Meritus, Zoran je od 1993. godine nastavio svoju karijeru u privatnoj praksi, a firma je postala prepoznatljiv lider u oblasti arhitekture, sa preko 100 uspe\u0161no realizovanih projekata, me\u0111u kojima su najistaknutiji hoteli i luksuzne porodi\u010dne vile. Zoran je sara\u0111ivao sa brojnim uspe\u0161nim arhitektama i ekspertima iz drugih struka, stvaraju\u0107i sinergiju koja je omogu\u0107ila realizaciju vrhunskih arhitektonskih dela.<\/p>\n\n\n\n<p class=\"has-contrast-color has-text-color has-link-color has-x-small-font-size wp-elements-1066103120ac71e19cf420be25bd9a94\">Zoran je ponosan student iz perioda studiranja na Arhitektonskom fakultetu Univerziteta u Beogradu, jer je imao tu priliku i \u010dast da bude u\u010denik profesora Uro\u0161a Martinovi\u0107a, dok je u tom trenutku dekan Arhitektonskog fakulteta bio Bogdan Bogdanovi\u0107, \u0161to je ostavilo zna\u010dajan uticaj na njegov profesionalni razvoj. Svojim radom, Zoran je ostvario impozantnu karijeru koja traje ve\u0107 vi\u0161e od \u010detiri decenije, a i danas je aktivan u firmi Meritus, gde i dalje doprinosi arhitektonskoj zajednici kroz inovativne projekte i mentorstvo mla\u0111im kolegama.<\/p>\n\n\n\n<p>Njegov rad i filozofija projektovanja temelje se na strastvenom po\u0161tovanju tradicije, funkcionalnosti, estetike i dugoro\u010dne odr\u017eivosti.<\/p>\n<\/div><\/div>\n\n\n\n<div class=\"wp-block-columns alignwide is-layout-flex wp-container-core-columns-is-layout-28f84493 wp-block-columns-is-layout-flex\">\n<div class=\"wp-block-column is-layout-flow wp-block-column-is-layout-flow\" style=\"flex-basis:33.33%\">\n<p class=\"has-contrast-color has-text-color has-link-color has-poppins-font-family has-x-small-font-size wp-elements-b525bcadec492c818f8d815eed2bd32e\"><strong>GENERALNI DIREKTOR I OSNIVA\u010c<\/strong><br><br>Glavni Arhitekta<br>zoran@meritus.rs<br>+381 65 11 02 858<\/p>\n<\/div>\n\n\n\n<div class=\"wp-block-column is-layout-flow wp-block-column-is-layout-flow\" style=\"flex-basis:66.66%\"><\/div>\n<\/div>\n\n\n\n<p><\/p>","protected":false},"excerpt":{"rendered":"<p>Zoran \u0110or\u0111evi\u0107, born in 1950, is the founder and owner of Meritus, a renowned architectural firm with a long-standing tradition. After graduating with a degree in architecture, Zoran gained extensive professional experience in various fields of architecture and urbanism. His work spans both domestic and international projects. Before founding Meritus in 1993, Zoran spent nearly [&hellip;]<\/p>","protected":false},"author":1,"featured_media":0,"parent":286,"menu_order":0,"comment_status":"closed","ping_status":"closed","template":"","meta":{"footnotes":""},"class_list":["post-428","page","type-page","status-publish","hentry"],"_links":{"self":[{"href":"https:\/\/meritus.rs\/sr\/wp-json\/wp\/v2\/pages\/428","targetHints":{"allow":["GET"]}}],"collection":[{"href":"https:\/\/meritus.rs\/sr\/wp-json\/wp\/v2\/pages"}],"about":[{"href":"https:\/\/meritus.rs\/sr\/wp-json\/wp\/v2\/types\/page"}],"author":[{"embeddable":true,"href":"https:\/\/meritus.rs\/sr\/wp-json\/wp\/v2\/users\/1"}],"replies":[{"embeddable":true,"href":"https:\/\/meritus.rs\/sr\/wp-json\/wp\/v2\/comments?post=428"}],"version-history":[{"count":14,"href":"https:\/\/meritus.rs\/sr\/wp-json\/wp\/v2\/pages\/428\/revisions"}],"predecessor-version":[{"id":1723,"href":"https:\/\/meritus.rs\/sr\/wp-json\/wp\/v2\/pages\/428\/revisions\/1723"}],"up":[{"embeddable":true,"href":"https:\/\/meritus.rs\/sr\/wp-json\/wp\/v2\/pages\/286"}],"wp:attachment":[{"href":"https:\/\/meritus.rs\/sr\/wp-json\/wp\/v2\/media?parent=428"}],"curies":[{"name":"wp","href":"https:\/\/api.w.org\/{rel}","templated":true}]}}

<p></p>



<div class="wp-block-media-text alignwide is-stacked-on-mobile has-contrast-color has-text-color has-link-color has-poppins-font-family has-x-small-font-size wp-elements-74936d4b2ba986b71c2efff156c4c005"><figure class="wp-block-media-text__media"><img loading="lazy" decoding="async" width="800" height="800" src="https://meritus.rs/wp-content/uploads/2025/06/111-2.jpg" alt="" class="wp-image-1719 size-full" srcset="https://meritus.rs/wp-content/uploads/2025/06/111-2.jpg 800w, https://meritus.rs/wp-content/uploads/2025/06/111-2-300x300.jpg 300w, https://meritus.rs/wp-content/uploads/2025/06/111-2-150x150.jpg 150w, https://meritus.rs/wp-content/uploads/2025/06/111-2-768x768.jpg 768w, https://meritus.rs/wp-content/uploads/2025/06/111-2-12x12.jpg 12w" sizes="auto, (max-width: 800px) 100vw, 800px" /></figure><div class="wp-block-media-text__content">
<p><strong>Zoran Đorđević</strong>, rođen 1950. godine, osnivač je i vlasnik firme Meritus, renomirane arhitektonske firme sa dugom tradicijom. Po završetku studija arhitekture, Zoran je stekao bogato profesionalno iskustvo u različitim segmentima arhitekture i urbanizma, a njegov rad obuhvata projekte u zemlji i inostranstvu.</p>



<p class="has-contrast-color has-text-color has-link-color has-x-small-font-size wp-elements-aeb25b59929aeaec113e90b51cf3b516">Pre nego što je 1993. godine osnovao firmu Meritus, Zoran je proveo gotovo dve decenije (1977–1992) kao vodeći arhitekta u firmi Energoprojekt, gde je bio odgovoran za brojne velike projekte, a jedan od najistaknutijih je hotel Grand na Kopaoniku. Tokom svojih prvih profesionalnih godina, stekao je dragoceno iskustvo radeći na projektima u Rusiji, Alžiru i Maleziji, gde je formirao svoj pristup projektovanju, oslanjajući se na internacionalnu saradnju i učenje.</p>



<p class="has-contrast-color has-text-color has-link-color has-x-small-font-size wp-elements-d694092ec127d4ebb2e998369a85a77c">Kao osnivač firme Meritus, Zoran je od 1993. godine nastavio svoju karijeru u privatnoj praksi, a firma je postala prepoznatljiv lider u oblasti arhitekture, sa preko 100 uspešno realizovanih projekata, među kojima su najistaknutiji hoteli i luksuzne porodične vile. Zoran je sarađivao sa brojnim uspešnim arhitektama i ekspertima iz drugih struka, stvarajući sinergiju koja je omogućila realizaciju vrhunskih arhitektonskih dela.</p>



<p class="has-contrast-color has-text-color has-link-color has-x-small-font-size wp-elements-1066103120ac71e19cf420be25bd9a94">Zoran je ponosan student iz perioda studiranja na Arhitektonskom fakultetu Univerziteta u Beogradu, jer je imao tu priliku i čast da bude učenik profesora Uroša Martinovića, dok je u tom trenutku dekan Arhitektonskog fakulteta bio Bogdan Bogdanović, što je ostavilo značajan uticaj na njegov profesionalni razvoj. Svojim radom, Zoran je ostvario impozantnu karijeru koja traje već više od četiri decenije, a i danas je aktivan u firmi Meritus, gde i dalje doprinosi arhitektonskoj zajednici kroz inovativne projekte i mentorstvo mlađim kolegama.</p>



<p>Njegov rad i filozofija projektovanja temelje se na strastvenom poštovanju tradicije, funkcionalnosti, estetike i dugoročne održivosti.</p>
</div></div>



<div class="wp-block-columns alignwide is-layout-flex wp-container-core-columns-is-layout-28f84493 wp-block-columns-is-layout-flex">
<div class="wp-block-column is-layout-flow wp-block-column-is-layout-flow" style="flex-basis:33.33%">
<p class="has-contrast-color has-text-color has-link-color has-poppins-font-family has-x-small-font-size wp-elements-b525bcadec492c818f8d815eed2bd32e"><strong>GENERALNI DIREKTOR I OSNIVAČ</strong><br><br>Glavni Arhitekta<br>zoran@meritus.rs<br>+381 65 11 02 858</p>
</div>



<div class="wp-block-column is-layout-flow wp-block-column-is-layout-flow" style="flex-basis:66.66%"></div>
</div>



<p></p>

<p>Zoran Đorđević, born in 1950, is the founder and owner of Meritus, a renowned architectural firm with a long-standing tradition. After graduating with a degree in architecture, Zoran gained extensive professional experience in various fields of architecture and urbanism. His work spans both domestic and international projects. Before founding Meritus in 1993, Zoran spent nearly [&hellip;]</p>
